uppose -2*w - 5*a - 26 = 0, w + 0*a = 5*a + 17. Let f be w/5 - (-388)/5. What is the greatest common divisor of 7 and f?
7
Suppose -3*w = -5*n + 31, -4*n + n + 23 = -4*w. Let v be 15 + w + (-2 - -3). What is the greatest common divisor of 2 and v?
2
Let w(u) = 2*u + 3. Let r be w(-2). Let g = r - -9. Suppose -n - 5*i = -6*n + 10, 5*i = -5. What is the greatest common factor of n and g?
1
Let f(x) = x**2 - 9*x - 6. Let k be f(10). Suppose -k*y + y + 21 = 0. What is the greatest common factor of 35 and y?
7
Suppose -3*c = 0, a - 22 = -2*c - 60. Let f be a/(-10) - (-1)/5. Let z = -12 - -56. Calculate the greatest common factor of z and f.
4
Let r = -92 + 137. Calculate the highest common divisor of 18 and r.
9
Suppose -5*d + 317 = 3*x - 23, 335 = 5*d + 2*x. Suppose -3*k + 26 = 2*t - 0*t, 5*t - 3*k = d. What is the highest common divisor of 52 and t?
13
Suppose -4 = 4*i + 8. Let f(a) = -33*a + 17. Let z(h) = 17*h - 9. Let j(d) = 6*f(d) + 11*z(d). Let c be j(i). What is the highest common divisor of 12 and c?
12
Let p(c) = c**2 - c. Let u be p(3). Let h(r) = 3*r - 3. Let f be h(u). Calculate the greatest common divisor of 120 and f.
15
Suppose -3*g + 50 = -g. What is the highest common factor of g and 5?
5
Suppose 5*u - 364 = -5*v - 29, 2*u = v + 143. What is the greatest common divisor of u and 175?
35
Let l(r) = r**2 + 9*r - 3. Let k be l(-10). Let j be (-2)/k - 48/(-21). What is the greatest common divisor of 2 and j?
2
Let l = -1 + 1. Suppose -3*g = -l - 18. Suppose -r + 2*r = 5*v - 30, v - 4*r - 6 = 0. What is the highest common divisor of g and v?
6
Let c(q) = q**2 - 4*q + 6. Let j be c(6). Suppose 5*w - 616 = -3*y, 2*w + y = 2*y + 242. Let x = w + -68. Calculate the greatest common divisor of x and j.
18
Let w = -64 - -22. Let n = 60 + w. Let t = -31 + 49. Calculate the highest common divisor of t and n.
18
Suppose -5*x - 4*f + 15 = -12, 2*x - 4*f = 22. Suppose -5*z = 2*s - 9, -3*s + 5 + 3 = 2*z. What is the greatest common divisor of x and z?
1
Let q = 3 - 1. Let b be (q - 1)*2 - -110. Calculate the greatest common divisor of b and 16.
16
Let w be (1/((-1)/4))/(-1). Suppose -3*p + 22 = w*y, 4*y = -p - y + 11. What is the highest common divisor of p and 6?
6
Let n be (0 + 20/6)/(8/60). What is the greatest common divisor of 75 and n?
25
Let q be 564/44 + (-2)/(-11). Calculate the greatest common factor of q and 65.
13
Let f be (-1)/((-2)/(-4)) - (-5 - 27). Calculate the highest common divisor of f and 20.
10
Suppose 0 = -p - 4 + 2, -126 = -4*i - p. Let m = i - -73. What is the highest common factor of m and 15?
15
Suppose -2*w - 10 = -7*w. Calculate the highest common divisor of 18 and w.
2
Let y = 2 - -3. Suppose 5*u = -5*q + y, -5*q + u + 2 = 3. Let v be ((-10 - -1) + q)*-1. What is the highest common divisor of v and 27?
9
Suppose 0 = 3*u + 2*u + 5*l + 30, -3*u - 2*l - 14 = 0. Let o(a) = 29*a**2 - 4*a - 3. Let i be o(u). Calculate the highest common factor of 11 and i.
11
Let m be 126/(-1)*(-6)/4. Calculate the greatest common divisor of m and 21.
21
Let g be 0/((1 - 3)/2). Suppose g = -b - 4*v + 32, -2*b - b + 57 = -v. Calculate the greatest common factor of b and 10.
10
Suppose -5*x + 3*w - 63 = -1683, 3*x - 4*w = 972. Suppose 3*g = 5*l - x, -5*g + 76 = 6*l - 5*l. What is the greatest common factor of 44 and l?
22
Suppose 136 = 2*f - 2*o, 4*o = 3*f - 5*f + 106. What is the highest common factor of 7 and f?
7
Let d = 141 - 81. Let j = 136 - 40. Suppose -j - d = -3*q. What is the greatest common divisor of q and 13?
13
Suppose 4*l - 8 = 2*l, 27 = -y - 2*l. Let d = -1 - y. Suppose -2*q + 340 = 2*q. Calculate the greatest common factor of d and q.
17
Suppose 2*h + 43 + 17 = 0. Let s be ((-11)/(-2))/((-3)/h). Let z = 1 + 10. What is the greatest common divisor of z and s?
11
Let g(r) = 6*r**3 - r**2 - 4*r + 1. Let j be g(2). What is the greatest common factor of 185 and j?
37
Let q(h) = h**3 - 10*h**2 - 7*h + 11. Let w be q(11). Calculate the greatest common factor of w and 22.
11
Let r(d) = 11*d + 66. Let m be r(21). What is the greatest common divisor of m and 33?
33
Let h = 23 + -67. Let q = -30 - h. Calculate the highest common divisor of 42 and q.
14
Let l = -6 + 8. Suppose 30 = -l*x - x. Let v(s) = s + 23. Let o be v(x). What is the greatest common factor of 13 and o?
13
Let c(p) = -17*p - 9. Let a be c(-2). Calculate the greatest common divisor of a and 75.
25
Let u(p) = p + 1. Let r be u(-1). Suppose -5*x + 6 + 14 = r, 0 = -5*a + 3*x - 12. Suppose a*d = -2*d + 16. Calculate the greatest common divisor of d and 8.
8
Let f be (1 - 994/(-35)) + 6/10. What is the greatest common factor of f and 210?
30
Let r be 2*4 - (-2 + 4 + -2). What is the highest common divisor of 32 and r?
8
Let t = -14 - -14. Suppose t = 7*i - 8*i + 60. Calculate the highest common factor of 12 and i.
12
Let n(t) = t**2 + 2*t + 1. Suppose -2 = -2*p + 4*p. Let i be n(p). Let q = 12 + i. What is the greatest common divisor of 4 and q?
4
Suppose -f - 5*u - 3 = 6, 5*f - 27 = -u. Calculate the highest common factor of 4 and f.
2
Let a(c) = 4*c**2 - c + 1. Suppose -4*s - 2 = -6. Let y be a(s). Let f(w) = w**2 - 22*w - 17. Let u be f(23). Calculate the highest common divisor of y and u.
2
Let t = -120 - -204. Let s be (t/(-15))/(6/(-15)). What is the greatest common divisor of s and 98?
14
Suppose -7*a + 6 = -5*a. Let j be 2/(-2) - a - -7. Suppose -4*h + 6 = -h. Calculate the greatest common divisor of h and j.
1
Let f = 23 + 9. Calculate the greatest common divisor of f and 64.
32
Let v be 0/(-2) - (-4)/2. Let c be 1/v - 13/2. Let k be c/4*(-4)/3. What is the greatest common factor of k and 1?
1
Let x be (3 + -1)*(-238)/(-28). Suppose 0 = 2*y + 3*v - 21, -39 = -2*y + 4*v + x. Calculate the greatest common divisor of 2 and y.
2
Let v be 4 - 4 - (1 + -3). Let y be ((-1)/v)/((-3)/486). Let a be y/(-6)*(-16)/6. What is the highest common factor of 9 and a?
9
Let o(m) = -m**3 + 4*m**2 + 8*m - 7. Let t be o(5). Suppose 3 = -g, -w + t = -4*g - 8. Calculate the highest common divisor of 16 and w.
4
Let g = -7 - -8. Let d(f) = 13*f**2 - 1. Let l be d(g). Calculate the highest common divisor of l and 24.
12
Let j = -81 - -145. Let k = j - 46. Suppose -2*r = r - k. Calculate the highest common factor of r and 30.
6
Let g(z) = -z**3 + 4*z**2 + 7*z - 5. Let b be g(5). Suppose 3*s - b = 7. Calculate the greatest common factor of s and 1.
1
Suppose -4*m + 2*a = m + 1135, 4*m - 2*a + 910 = 0. Let u be m/(-20) - (-6)/8. What is the highest common factor of u and 48?
12
Suppose -3*s = q - 15, -3*s + 10 = -s + 2*q. What is the greatest common factor of s and 15?
5
Let k be (3 + -2)/(2/20). Let i(s) = 3*s + 17. Let u(z) = z + 9. Let y(t) = -2*i(t) + 5*u(t). Let f be y(k). Calculate the greatest common divisor of f and 4.
1
Let p be 10/(3 - 5)*2. Let m = 15 + p. Let a(o) = o**3 + 2*o**2 - 4*o - 1. Let x be a(-3). What is the greatest common divisor of x and m?
1
Let p = 75 - 44. What is the greatest common factor of p and 124?
31
Suppose -2875 = -5*p + 3045. Let x be 6/27 - p/(-18). Calculate the highest common factor of x and 6.
6
Let r be 1 - (-4 + 3)*9. Let j be 6 + (4 - 2) + 2. Calculate the greatest common divisor of j and r.
10
Let w be ((-2)/(-4) - 0)*4. Let y = w + 1. Let q be ((-231)/14)/(2/(-4)). What is the greatest common divisor of q and y?
3
Let p(v) = v**2 - 7. Let b be p(-5). Suppose n = -h + 8, -4*h - 2 = -6*h. Let o = 13 - n. Calculate the highest common factor of b and o.
6
Let y = 11 + -11. Suppose 4*b - 5*b + 18 = y. Calculate the highest common divisor of 45 and b.
9
Let o be 0 - ((-8)/(-1))/(-4). Suppose -k + 3*k = -2*q + 30, 5*q = 3*k + 83. What is the greatest common divisor of o and q?
2
Let d = -35 - -273. Suppose -5*h = 25, 2*r - 695 = -3*r - h. Let c = d - r. Calculate the greatest common divisor of 14 and c.
14
Suppose 17 - 91 = -u - 5*x, -2*u + 4*x = -92. What is the highest common divisor of u and 18?
18
Suppose 8*b = i + 5*b - 137, 629 = 5*i - b. Calculate the highest common divisor of i and 25.
25
Suppose -2*i + 11 = 2*n + 3, -4*i - 8 = -4*n. Calculate the greatest common divisor of n and 24.
3
Suppose q - 19 = -5*i, -4*q = -4*i - 0*q + 20. Suppose -2*o - s + 47 = 4*s, 2*s = i*o - 34. What is the greatest common factor of o and 33?
11
Let l = -24 + 13.